remainder when 4691 is divided by 470?
461
Calculate the remainder when 596703 is divided by 9624.
15
Calculate the remainder when 95266469 is divided by 526334.
15
Calculate the remainder when 990085639 is divided by 3830.
3829
What is the remainder when 1185301 is divided by 147?
40
Calculate the remainder when 1380924 is divided by 5590.
194
What is the remainder when 603016 is divided by 300886?
1244
Calculate the remainder when 5573594 is divided by 4294.
4276
Calculate the remainder when 72316 is divided by 21556.
7648
What is the remainder when 5420463 is divided by 142643?
29
Calculate the remainder when 797166 is divided by 256.
238
Calculate the remainder when 4487688 is divided by 215.
208
What is the remainder when 578747 is divided by 82663?
106
What is the remainder when 26108 is divided by 1783?
1146
What is the remainder when 89975 is divided by 1913?
64
Calculate the remainder when 16070 is divided by 1771.
131
Calculate the remainder when 470743 is divided by 5750.
4993
What is the remainder when 19836918 is divided by 157?
125
What is the remainder when 292849357 is divided by 119?
115
Calculate the remainder when 71108 is divided by 71022.
86
What is the remainder when 500355 is divided by 1494?
1359
Calculate the remainder when 19486187 is divided by 1241.
5
Calculate the remainder when 100680 is divided by 3168.
2472
Calculate the remainder when 329461108 is divided by 201.
199
Calculate the remainder when 47935716 is divided by 98.
94
Calculate the remainder when 8036118 is divided by 70.
48
Calculate the remainder when 8822681 is divided by 59.
57
What is the remainder when 1242099 is divided by 2313?
18
Calculate the remainder when 1369175 is divided by 124439.
346
Calculate the remainder when 391538297 is divided by 33.
29
What is the remainder when 18406695 is divided by 16?
7
Calculate the remainder when 464411921 is divided by 58051490.
1
Calculate the remainder when 23745410 is divided by 270.
260
Calculate the remainder when 207202 is divided by 210.
142
Calculate the remainder when 46601368 is divided by 2739.
22
What is the remainder when 45558 is divided by 9087?
123
What is the remainder when 5382683 is divided by 1896?
1835
What is the remainder when 547589 is divided by 109506?
59
What is the remainder when 2353098 is divided by 10?
8
What is the remainder when 48721496 is divided by 83?
81
Calculate the remainder when 241356 is divided by 602.
556
Calculate the remainder when 20245366 is divided by 1777.
5
What is the remainder when 520873256 is divided by 14?
8
Calculate the remainder when 5438992 is divided by 1812985.
37
What is the remainder when 14049640 is divided by 95?
90
Calculate the remainder when 240201 is divided by 6321.
3
Calculate the remainder when 10376686 is divided by 75.
61
Calculate the remainder when 1927723 is divided by 642573.
4
Calculate the remainder when 14285550 is divided by 115206.
6
Calculate the remainder when 2577873 is divided by 153.
129
Calculate the remainder when 357368 is divided by 3306.
320
What is the remainder when 2678610 is divided by 18?
12
Calculate the remainder when 2815206 is divided by 26557.
164
Calculate the remainder when 18028250 is divided by 83.
69
What is the remainder when 20150869 is divided by 39?
37
Calculate the remainder when 2504595 is divided by 56.
51
Calculate the remainder when 168582 is divided by 767.
609
Calculate the remainder when 1977585 is divided by 494313.
333
What is the remainder when 12153193 is divided by 9937?
242
Calculate the remainder when 27549346 is divided by 71.
68
What is the remainder when 1040061 is divided by 72?
21
What is the remainder when 169878670 is divided by 12?
10
What is the remainder when 822765 is divided by 137127?
3
Calculate the remainder when 192676310 is divided by 188.
186
Calculate the remainder when 7145694 is divided by 5940.
5814
Calculate the remainder when 481833 is divided by 16577.
1100
What is the remainder when 34850 is divided by 30663?
4187
What is the remainder when 1990644 is divided by 104770?
14
Calculate the remainder when 21746429 is divided by 1247.
1243
Calculate the remainder when 103124690 is divided by 436969.
6
What is the remainder when 44805975 is divided by 20?
15
What is the remainder when 62348994 is divided by 44?
26
What is the remainder when 13307458 is divided by 30?
28
Calculate the remainder when 15126782 is divided by 3781692.
14
Calculate the remainder when 680087 is divided by 132.
23
What is the remainder when 62601162 is divided by 2649?
2643
Calculate the remainder when 1281283 is divided by 10589.
14
What is the remainder when 27515503 is divided by 314?
311
What is the remainder when 316620843 is divided by 295?
293
Calculate the remainder when 69364 is divided by 62053.
7311
Calculate the remainder when 38771054 is divided by 46156.
14
Calculate the remainder when 126078 is divided by 1204.
862
Calculate the remainder when 13747256 is divided by 2749450.
6
What is the remainder when 1785581 is divided by 12?
5
What is the remainder when 27543 is divided by 27109?
434
Calculate the remainder when 32333 is divided by 32108.
225
What is the remainder when 26327 is divided by 599?
570
What is the remainder when 2616843 is divided by 36855?
138
Calculate the remainder when 107514 is divided by 39.
30
What is the remainder when 1729159 is divided by 5525?
5359
What is the remainder when 14485028 is divided by 3621211?
184
Calculate the remainder when 6819712 is divided by 178.
176
What is the remainder when 63903963 is divided by 31951981?
1
What is the remainder when 5817057 is divided by 81?
42
Calculate the remainder when 229051 is divided by 662.
661
Calculate the remainder when 17083847 is divided by 14.
11
What is the remainder when 131723 is divided by 176?
75
Calculate the remainder when 5390277 is divided by 90.
87
Calculate the remainder when 44828482 is divided by 19.
15
What is the remainder when 11729 is divided by 11622?
107
What is the remainder when 712517 is divided by 59369?
89
Calculate the remainder when 35712 is divided by 17714.
284
Calculate the remainder when 1101726 is divided by 550843.
40
Calculate the remainder when 12686540 is divided by 3012.
3008
What is the remainder when 3240166 is divided by 54001?
106
What is the remainder when 163045 is divided by 734?
97
Calculate the remainder when 764321 is divided by 21204.
977
What is the remainder when 305225 is divided by 553?
522
What is the remainder when 101439 is divided by 33693?
360
Calculate the remainder when 7704833 is divided by 1560.
1553
Calculate the remainder when 70812040 is divided by 21.
19
Calculate the remainder when 18780 is divided by 8666.
1448
Calculate the remainder when 13588979 is divided by 110.
19
What is the remainder when 40454373 is divided by 20017?
16
What is the remainder when 1004096 is divided by 330?
236
Calculate the remainder when 1205077 is divided by 36.
13
Calculate the remainder when 811906 is divided by 25.
6
Calculate the remainder when 351229 is divided by 1141.
942
Calculate the remainder when 411120 is divided by 1232.
864
What is the remainder when 1518730 is divided by 506192?
154
What is the remainder when 62007 is divided by 4140?
4047
Calculate the remainder when 141094 is divided by 141067.
27
What is the remainder when 21979711 is divided by 93?
91
Calculate the remainder when 141346 is divided by 35333.
14
What is the remainder when 98880595 is divided by 104?
99
Calculate the remainder when 18311 is divided by 1397.
150
Calculate the remainder when 130551 is divided by 777.
15
Calculate the remainder when 1986539 is divided by 248312.
43
Calculate the remainder when 1833638 is divided by 4800.
38
What is the remainder when 162019953 is divided by 42?
39
What is the remainder when 5011036 is divided by 1252728?
124
What is the remainder when 257389797 is divided by 30?
27
What is the remainder when 19640432 is divided by 91?
84
What is the remainder when 130081614 is divided by 3803?
3802
What is the remainder when 24938 is divided by 2746?
224
Calculate the remainder when 23026954 is divided by 65.
54
Calculate the remainder when 10015992 is divided by 128.
120
Calculate the remainder when 944923 is divided by 314603.
11